. Is 14 a factor of x?
True
Does 40 divide 8808/44 - (-2)/(-11)?
True
Suppose 5*n + 139 = 3*s, -4*s = 3*n - n - 220. Is 14 a factor of s?
False
Suppose -4*i - 5*b = -28, -3*b - 2*b = 5*i - 30. Suppose -21 + 81 = i*a. Does 15 divide a?
True
Suppose -2 - 26 = 2*g + 5*n, -8 = 4*n. Let j(v) be the second derivative of -v**3/6 + v. Is 9 a factor of j(g)?
True
Suppose -2*t + 3*t - 17 = 0. Is t a multiple of 10?
False
Suppose -5*h - 17 = -2. Let w(k) = 2*k**2 + 2*k - 2. Is w(h) a multiple of 10?
True
Let y(h) be the first derivative of -h**3/3 - 2*h**2 - h + 2. Let x be y(-2). Is 4 a factor of (39/(-15) + x)*20?
True
Suppose 0*d + 83 = 3*q - d, 5*q = d + 135. Suppose 0 = -k - c + 8, -6*k + 5*c = -5*k - q. Is k a multiple of 11?
True
Let l be ((-9)/(-2))/((-6)/16). Let n be 2/((-2)/l*-2). Is 11 a factor of (22/(-3))/(2/n)?
True
Suppose 5*q = -3*c + 631, 0 = -q + 5*q - 3*c - 521. Does 32 divide q?
True
Let i = 141 - 90. Does 15 divide i?
False
Suppose -5*u + 404 = 74. Suppose 3*o - 3*v = -v + 80, -2*o = 5*v - u. Is 14 a factor of o?
True
Suppose 5*q - 20 = -5*n, 5*q = 2*n + 2*n + 65. Does 9 divide q?
True
Suppose -3*v + 166 = -4*o + 5*o, -3*v = -2*o - 172. Is v a multiple of 7?
True
Let n(u) = u**2 - u + 1. Let h(p) = -5*p**2 + 13*p - 16. Let a(z) = -h(z) - 6*n(z). Suppose -3*g = 5*w + 1, -g = -3*w + 11 + 8. Does 6 divide a(g)?
False
Let n(c) = -c**2 + 10*c - 8. Suppose -2*d = -3*k + 16, -2*k = -5*k + d + 20. Does 2 divide n(k)?
True
Let d = -93 + 130. Let a = 0 + d. Let l = a - 19. Is 5 a factor of l?
False
Suppose -20 = 2*s + 4*f, -s + 3*f = -6*s - 36. Let a be (0 + -2)/(3/s). Suppose 0*m + 2*m = 5*g + a, 0 = -2*m - 2*g + 32. Does 12 divide m?
True
Is 18 a factor of (-381)/2*(-12)/18 - 1?
True
Suppose 0 = -4*k + 3 + 13. Suppose 2 = -2*d - 3*i, k*i + 1 = -d + 2*i. Is 21 a factor of (0 - d - -42) + -1?
True
Suppose -d - 2 = -14. Is d a multiple of 6?
True
Suppose -2*u + 2 - 12 = -4*p, 2 = -2*u. Suppose a - 3*q - 2*q - 56 = 0, p*q = -a + 21. Suppose 4*b + 0*h - a = -h, b = -h + 4. Does 6 divide b?
False
Let d(p) = 9*p**2 + 0*p**3 + 1 + p**3 + 3 + 6*p - 10. Is 10 a factor of d(-8)?
True
Let v(r) = -7*r - 6*r + 2*r**2 + 2 + 8*r. Does 9 divide v(5)?
True
Let j(p) = -5*p + 3. Let f be j(2). Let k = f + 10. Does 2 divide k?
False
Let i be 27 - 6/(0 + -3). Suppose -2*z = -5*r - i, -z - 3*z + 43 = -5*r. Is z a multiple of 7?
True
Let y be (-2010)/(-24) + 2/8. Suppose 0 = i - 3*r + 3, 0 = 2*i + r - 8. Suppose -u + 12 = -4*z, 0*z = i*u + 4*z - y. Does 8 divide u?
True
Does 2 divide 11/1*(8 + -7)?
False
Is 13 a factor of 173 - (-5 + -4 + 14)?
False
Suppose -5*o + 178 = 53. Is 25 a factor of o?
True
Does 21 divide 36 + (0 - (-12)/(-4*1))?
False
Suppose 3*f + 9 = f - 5*u, -4*f + 3 = 3*u. Suppose 4*x - 29 - 16 = -f*p, 0 = -x - 3. Is 18 a factor of p?
False
Let h(a) = -a**2 + 2*a. Let k be h(5). Let x be 1 - k/6*4. Let i = -6 + x. Is 4 a factor of i?
False
Suppose 22 = c - 17. Is c a multiple of 19?
False
Let g(w) = -w**3 - w**2 + w + 3. Let h be g(0). Suppose 0*f - 217 = -3*r + f, -215 = -h*r - f. Does 24 divide r?
True
Let r(a) = -a**2 - 11*a + 7. Let u(f) = f - 5. Let q be u(-5). Is r(q) a multiple of 7?
False
Is 11 a factor of (-1)/4 + 1192/32?
False
Is 19 a factor of 113 - 8/2 - 1?
False
Suppose -2*f - 4 = -0. Let x be f*2/(-4)*11. Let a = x + -5. Is a a multiple of 6?
True
Let m(y) = -4*y + 12. Does 21 divide m(-18)?
True
Let t be (-2)/(-6) + 115/15. Suppose -u - t = -m + 4, 0 = m + u - 20. Is m a multiple of 7?
False
Does 27 divide (-48 - 9)/(3/(-4))?
False
Let x = 31 - -11. Is 19 a factor of x + 6/(8/4)?
False
Suppose -4*b + 3 = o - 8, 0 = -4*b - 4. Suppose -5*k + o + 187 = -4*y, -2*k + 5*y + 91 = 0. Is k a multiple of 11?
False
Let a(k) = -k**3 + 5*k**2 + 9*k. Let d be a(7). Is (d/10)/((-2)/8) a multiple of 7?
True
Let z(d) = -d**2 - 2*d - 1. Let o be z(-1). Let v be o/(4/(-2)) - -2. Suppose v*i - 6 = -2. Is i a multiple of 2?
True
Suppose -41 = -4*q - 5. Is 9 a factor of q?
True
Let g(f) = 5*f**2 - f. Let q be g(3). Suppose q = 5*i - 18. Is i a multiple of 4?
True
Suppose -4*n = -n + 93. Let m = -43 + 42. Is 18 a factor of 3 + (n + m)*-1?
False
Let r be 8 - (-1 - 0 - -1). Let a = r - 4. Suppose 0 = -4*u - a*t + 92, 2*u - 5 - 47 = -4*t. Is u a multiple of 7?
False
Let u = 31 - 19. Suppose 3*x + u = 5*f, -3*x - 8 = 4*f - x. Suppose -2*y - 3*d + 25 = f, -y + 0*y + d = 0. Is y a multiple of 2?
False
Let a = 11 + 3. Is 13 a factor of a?
False
Let m(c) = -2 + 0 + c + c. Let j be m(3). Suppose j*a - 4*s = 88 - 4, -4*s = 5*a - 141. Is 15 a factor of a?
False
Suppose 2*x - 5*x = -45. Is x a multiple of 3?
True
Suppose -2*g = -4*g. Let l(u) = u - 1. Let h(c) = 4*c - 15. Let v(a) = -h(a) + 3*l(a). Does 6 divide v(g)?
True
Let v be 12 + -1 + 6 + -3. Let c = v - 11. Is c a multiple of 3?
True
Suppose 10 = 5*v + 2*b, -v + 21 = 3*v - b. Suppose -5*g + 119 = -66. Suppose -p = y - v - 7, 2*y = p + g. Is y a multiple of 8?
True
Let k(p) = 30*p + 2. Is 29 a factor of k(2)?
False
Let b = 211 - 99. Is b a multiple of 14?
True
Let w(x) = x**3 - 2*x**2 - 3*x + 3. Let d be w(3). Suppose 3*h = d - 18. Let m = h - -14. Does 9 divide m?
True
Let r(u) = -53*u - 5. Is 18 a factor of r(-2)?
False
Let l = -29 + 40. Let u = 17 - l. Is u a multiple of 6?
True
Suppose 4*q - 77 = -4*a + 3, 2*q - 2*a - 40 = 0. Suppose 2*u - 2 = 6. Suppose -u*z - z = -q. Does 4 divide z?
True
Let c(d) = 1 + d**2 + 3 + 3*d**2 + 0*d**2 + 3*d. Does 12 divide c(-3)?
False
Suppose 9 - 1 = 2*i. Let k(f) = 7*f + 2. Is 10 a factor of k(i)?
True
Is 32 a factor of -2 + (0 - -66) - 0?
True
Is -1 - -2*81/6 a multiple of 13?
True
Let j = 6 - 3. Let p(c) = -7*c**2 + 0*c + 3*c + c**j + 0*c**2. Is p(7) a multiple of 15?
False
Let g = -7 - -16. Does 2 divide g?
False
Let k = -2 + 0. Let r(y) = 9*y - 2. Let o(w) = -w + 1. Let s(c) = -4*o(c) - r(c). Does 8 divide s(k)?
True
Suppose 0*k = 3*k. Suppose k = -r - 4 + 11. Is 7 a factor of r?
True
Let z(j) = j + 16. Is 3 a factor of z(0)?
False
Suppose -8*r = -3*r - 500. Suppose 4*y - r = -0*y. Is y a multiple of 11?
False
Let s = 11 + -26. Let y = s + 34. Does 12 divide y?
False
Suppose c - 2*p + 2 = -0*c, 0 = c - 4*p + 8. Let m = 9 - -1. Suppose -3*l + c*b = -12 - 3, -2*l + m = 2*b. Does 2 divide l?
False
Let a = -20 + 51. Is a a multiple of 9?
False
Let t = 31 + -16. Is t a multiple of 6?
False
Suppose 25 = -3*t + 184. Does 7 divide t?
False
Let h(w) be the third derivative of -w**4/12 + w**3 + 6*w**2. Suppose 3*t + 8 = -2*j, 3*t - 34 = 5*j - j. Is 9 a factor of h(j)?
False
Let w(g) = -g**2 + 12*g + 9. Does 9 divide w(12)?
True
Let m = -13 - -17. Is 5 a factor of 2/m*(0 - -20)?
True
Let w = 35 + -12. Suppose 5*d - 21 = 4. Suppose -10 = -2*c, d*i - 17 = -4*c + w. Does 4 divide i?
True
Suppose 0 = u + f - 516, -6*u + 3*f = -u - 2556. Is 19 a factor of u?
True
Suppose -l = 7 + 5. Does 3 divide l/6 + (1 - -4)?
True
Let z(v) = 2*v**2 + 6*v + 3. Does 23 divide z(-5)?
True
Let g = 17 - -65. Suppose -4*u + g = 22. Does 15 divide u?
True
Suppose -2*u - 3*u = 3*d - 9, -5*u = 5*d - 5. Suppose 0 = u*s + 3, 0*g + g + s = 81. Does 19 divide g?
False
Suppose -11*j = -10*j - 171. Is j a multiple of 19?
True
Let h(d) be the first derivative of d**4/4 - d**3 + 3*d + 4. Is h(5) a multiple of 24?
False
Let j = -4 + 7. Let p = 3 - j. Suppose k + 5*d + 1 = 0, p = -0*k + 3*k + 5*d - 47. Is k a multiple of 12?
True
Suppose -2 = -4*z + 26. Suppose -t + 7 = -2*n - z, -4*t + 2*n + 68 = 0. Suppose 0 = r - t + 8. Is 8 a factor of r?
False
Let f(p) = 123*p**2 - 3*p - 1. Is 28 a factor of f(-1)?
False
Let z(j) be the third derivative of j**4/4 - j**3 - 2*j**2. Is 18 a factor of z(4)?
True
Suppose -5*t - 4*a = -82, 0 = 4*t + a + a - 62. Suppose -18*x = -t*x - 136. Does 11 divide x?
False
Suppose 4*c - 5*j = 333, 325 = 6*c - 2*c + 3*j. Suppose -2*h + c + 146 = 0. Does 38 divide h?
True
Let d = -7 + 5. Is 1 - (d + -5 + 0) a multiple of 7?
False
Suppose 0 = -10*f + 11*f - 51. Does 9 divide f?
False
Let z be 0 + (-3)/((-9)/21). Suppose l - z = -i - l, 2*i - 4*l - 54 = 0. Is i a multiple of 8?
False
Let k(o) = -o**3 - 10*o**2 - 8*o + 11. Is k(-9) even?
True
Suppose 0 = -4*k - 3*y + 147, 2 = -4*y + 6. Is k a multiple of 6?
True
Suppose 5*t = 4*q - 9*q + 255, 5*t - 220 = 2*q. Let r = t - 14. Does 8 divide r?
True
D